3, 17, 5783
List the prime factors of 1299804.
2, 3, 11, 43, 229
List the prime factors of 15388412.
2, 13, 139, 2129
List the prime factors of 145114.
2, 37, 53
What are the prime factors of 344510?
2, 5, 47, 733
List the prime factors of 3496107.
3, 113, 10313
List the prime factors of 719459.
13, 55343
What are the prime factors of 15012107?
11, 124067
What are the prime factors of 91034?
2, 23, 1979
List the prime factors of 197551.
197551
What are the prime factors of 27122642?
2, 13561321
What are the prime factors of 4389200?
2, 5, 10973
List the prime factors of 1186808.
2, 7, 21193
What are the prime factors of 179812?
2, 44953
What are the prime factors of 18660005?
5, 7, 13, 41011
What are the prime factors of 12924595?
5, 281, 9199
What are the prime factors of 24036024?
2, 3, 1001501
List the prime factors of 1103119.
1103119
List the prime factors of 2827452.
2, 3, 235621
List the prime factors of 5313326.
2, 2656663
What are the prime factors of 3785169?
3, 17, 74219
What are the prime factors of 3322951?
463, 7177
What are the prime factors of 8374316?
2, 79, 26501
List the prime factors of 1763221.
431, 4091
List the prime factors of 1642956.
2, 3, 7, 19559
List the prime factors of 7114418.
2, 307, 11587
List the prime factors of 3683133.
3, 409237
What are the prime factors of 22739560?
2, 5, 431, 1319
What are the prime factors of 12210874?
2, 13, 469649
List the prime factors of 298522.
2, 7, 21323
List the prime factors of 205570.
2, 5, 61, 337
What are the prime factors of 138255?
3, 5, 13, 709
List the prime factors of 204534.
2, 3, 11, 1033
List the prime factors of 35408.
2, 2213
What are the prime factors of 240638?
2, 120319
What are the prime factors of 16239349?
7, 2319907
What are the prime factors of 352336?
2, 19, 61
What are the prime factors of 10762533?
3, 1195837
List the prime factors of 14564680.
2, 5, 13, 37, 757
List the prime factors of 4598677.
4598677
What are the prime factors of 396280?
2, 5, 9907
List the prime factors of 91015.
5, 109, 167
List the prime factors of 18059103.
3, 101, 19867
List the prime factors of 22041716.
2, 5510429
List the prime factors of 1967543.
1967543
What are the prime factors of 134871?
3, 11, 61, 67
What are the prime factors of 2802469?
47, 59627
List the prime factors of 355482.
2, 3, 29, 227
What are the prime factors of 6430602?
2, 3, 571, 1877
List the prime factors of 54699.
3, 18233
What are the prime factors of 177992?
2, 19, 1171
What are the prime factors of 210756?
2, 3, 7, 13, 193
List the prime factors of 1279851.
3, 181, 2357
List the prime factors of 126934.
2, 63467
What are the prime factors of 8798900?
2, 5, 11, 19, 421
List the prime factors of 403233.
3, 257, 523
List the prime factors of 6241016.
2, 780127
What are the prime factors of 3993597?
3, 211, 701
What are the prime factors of 528207?
3, 17, 10357
What are the prime factors of 24340566?
2, 3, 17, 127, 1879
What are the prime factors of 126087?
3, 13, 53, 61
List the prime factors of 193293.
3, 7159
What are the prime factors of 618497?
11, 59, 953
What are the prime factors of 550024?
2, 197, 349
What are the prime factors of 2589007?
2589007
What are the prime factors of 1411463?
281, 5023
What are the prime factors of 6890024?
2, 89, 9677
What are the prime factors of 367956?
2, 3, 3407
List the prime factors of 82270.
2, 5, 19, 433
What are the prime factors of 432095?
5, 89, 971
List the prime factors of 1238722.
2, 17, 36433
List the prime factors of 31411.
101, 311
List the prime factors of 4874345.
5, 7, 139267
What are the prime factors of 21715224?
2, 3, 904801
List the prime factors of 4562423.
1097, 4159
List the prime factors of 1392094.
2, 11, 63277
List the prime factors of 3072846.
2, 3, 7, 23, 3181
List the prime factors of 375125.
5, 3001
What are the prime factors of 1103710?
2, 5, 19, 37, 157
List the prime factors of 709163.
7, 13, 7793
What are the prime factors of 75034?
2, 37517
List the prime factors of 2552157.
3, 283573
List the prime factors of 1411283.
1411283
List the prime factors of 12812361.
3, 149, 28663
List the prime factors of 359174.
2, 47, 3821
List the prime factors of 10336162.
2, 131, 39451
List the prime factors of 1154644.
2, 288661
List the prime factors of 13179751.
13, 1013827
What are the prime factors of 430996?
2, 19, 53, 107
List the prime factors of 2434517.
59, 41263
List the prime factors of 3390414.
2, 3, 565069
List the prime factors of 9583184.
2, 13, 46073
What are the prime factors of 3564634?
2, 211, 8447
What are the prime factors of 598335?
3, 5, 113, 353
List the prime factors of 1300456.
2, 162557
List the prime factors of 43591.
43591
What are the prime factors of 799120?
2, 5, 7, 1427
List the prime factors of 17052851.
71, 461, 521
List the prime factors of 666496.
2, 41, 127
List the prime factors of 17104224.
2, 3, 178169
List the prime factors of 819470.
2, 5, 19, 227
What are the prime factors of 346225?
5, 11, 1259
List the prime factors of 260669.
463, 563
List the prime factors of 273015.
3, 5, 6067
What are the prime factors of 792314?
2, 396157
What are the prime factors of 230509?
353, 653
List the prime factors of 1690782.
2, 3, 281797
What are the prime factors of 8330840?
2, 5, 7, 29753
What are the prime factors of 13482822?
2, 3, 43, 52259
List the prime factors of 333407.
37, 9011
List the prime factors of 17267385.
3, 5, 1151159
What are the prime factors of 5801743?
17, 31, 101, 109
List the prime factors of 846135.
3, 5, 18803
What are the prime factors of 2838116?
2, 17, 41737
List the prime factors of 21867307.
7, 11, 31, 9161
What are the prime factors of 412240?
2, 5, 5153
What are the prime factors of 27044300?
2, 5, 270443
What are the prime factors of 745759?
7, 106537
What are the prime factors of 1870356?
2, 3, 155863
What are the prime factors of 290481?
3, 96827
What are the prime factors of 11089153?
11089153
What are the prime factors of 5031614?
2, 7, 51343
What are the prime factors of 1634367?
3, 7, 223, 349
What are the prime factors of 11614396?
2, 19, 152821
What are the prime factors of 218899?
19, 41, 281
List the prime factors of 3479756.
2, 7, 124277
List the prime factors of 39326195.
5, 73, 163, 661
List the prime factors of 4491587.
17, 264211
What are the prime factors of 41627?
41627
List the prime factors of 13168138.
2, 97, 103, 659
List the prime factors of 106011.
3, 11779
List the prime factors of 5339819.
17, 314107
List the prime factors of 3338333.
103, 32411
What are the prime factors of 608879?
23, 1151
What are the prime factors of 335352?
2, 3, 89, 157
What are the prime factors of 599011?
7, 83, 1031
List the prime factors of 286672.
2, 19, 23, 41
What are the prime factors of 4693742?
2, 1249, 1879
What are the prime factors of 14538545?
5, 7, 59341
List the prime factors of 203249.
203249
List the prime factors of 1428406.
2, 7, 257, 397
What are the prime factors of 720985?
5, 41, 3517
What are the prime factors of 1320827?
677, 1951
List the prime factors of 251730.
2, 3, 5, 2797
What are the prime factors of 416532?
2, 3, 103, 337
What are the prime factors of 1594696?
2, 199337
What are the prime factors of 567452?
2, 141863
List the prime factors of 11919462.
2, 3, 1986577
What are the prime factors of 14907819?
3, 1259, 3947
List the prime factors of 240075.
3, 5, 11, 97
List the prime factors of 5084870.
2, 5, 7, 17, 4273
What are the prime factors of 11644985?
5, 11, 211727
List the prime factors of 8080221.
3, 53, 89, 571
What are the prime factors of 7982584?
2, 19, 52517
List the prime factors of 1014199.
1014199
What are the prime factors of 209339?
13, 16103
List the prime factors of 555632.
2, 7, 11, 41
List the prime factors of 26802603.
3, 992689
List the prime factors of 1465767.
3, 23, 73, 97
What are the prime factors of 7503193?
37, 149, 1361
List the prime factors of 5430547.
5430547
List the prime factors of 2287507.
2287507
What are the prime factors of 2117896?
2, 11, 41, 587
List the prime factors of 1566401.
1566401
List the prime factors of 1951664.
2, 11, 13, 853
What are the prime factors of 77691?
3, 19, 29, 47
What are the prime factors of 1439335?
5, 287867
What are the prime factors of 5127879?
3, 43, 127, 313
What are the pr